 - -44)*(3 - 2). Suppose -19 + f = x*l. List the prime factors of l.
2
Let c(y) = -y**2 - 5*y + 3. Let t(p) = 3*p**2 + 9*p - 5. Let q(x) = 5*c(x) + 3*t(x). List the prime factors of q(-2).
2, 3
Let b(v) be the second derivative of -v**3/2 - 3*v**2 + v. List the prime factors of b(-5).
3
Let l(s) = -18*s**3 - 2*s**2 + 1. Let m be (-6)/4*2/3. Let p be l(m). Let a = 25 - p. List the prime factors of a.
2
Let m(f) = 22*f - 4. List the prime factors of m(6).
2
Suppose 2*q - 5 - 1 = 0. Let s = 0 + q. List the prime factors of s.
3
Suppose -4*x = -190 - 66. What are the prime factors of x?
2
Suppose 5*b - 91 = 3*k + 118, 0 = -b - 3*k + 49. List the prime factors of b.
43
Let j(k) = k + 6. Let w be j(-3). Suppose 0 = -5*x + 3*i + 170, w*x + i + 3*i = 102. List the prime factors of x.
2, 17
Let v(a) = 4*a**2 + 5*a + 26. What are the prime factors of v(-6)?
2, 5, 7
Let a(g) = g**2 + 7*g + 20. What are the prime factors of a(-8)?
2, 7
Let p be (-3)/((-12)/70)*-2. Let k = p + 53. Let a = k - 12. List the prime factors of a.
2, 3
Let y(t) = t + 0*t - 3 + 0*t. Let i be y(6). Suppose -i*u = -8 - 10. List the prime factors of u.
2, 3
Let b(j) = j**3 + 9*j**2 - 22*j + 9. List the prime factors of b(-10).
3, 43
Let r = 73 - 60. What are the prime factors of r?
13
Let k = 413 + -287. Suppose 0 = r - 5*y - 36, 6*r - k = r - 2*y. Suppose 4*g + 5*q = 14, q = 5*g - g - r. What are the prime factors of g?
2, 3
Suppose 0*z + 2*z - 38 = 0. What are the prime factors of z?
19
Let l(p) = 2 - 4 + 0*p + 2*p - 2. List the prime factors of l(3).
2
Suppose 5*w = 2*w + 216. Let k = w + -49. What are the prime factors of k?
23
Suppose 3*x - 64 = i - 18, -4*x - 5*i + 93 = 0. List the prime factors of x.
17
Let n = -141 - -232. What are the prime factors of n?
7, 13
Let t(k) = 13*k**3 + 28*k**2 - 13*k + 29. Let o(b) = 3*b**3 + 7*b**2 - 3*b + 7. Let d(l) = 9*o(l) - 2*t(l). What are the prime factors of d(-7)?
2, 3
Suppose 4*p + 24 - 90 = -3*r, 4*p + r = 62. What are the prime factors of p?
3, 5
Let o(t) = -3 + 4 + 4*t**3 - 2*t**3 - t**2 + 4*t**3. What are the prime factors of o(1)?
2, 3
Suppose h - 6 = -3*f + 188, -5*f = 4*h - 335. Let c = -13 + f. What are the prime factors of c?
2, 5
Suppose 4*b + 4 = 0, -j + 6*b + 7 = 2*b. Suppose 65 = j*n - 4. List the prime factors of n.
23
Suppose -10*g = -541 - 229. List the prime factors of g.
7, 11
Let h(j) = -j**2 + 8*j + 2. List the prime factors of h(8).
2
Let l(v) be the third derivative of -v**5/60 - v**4/12 + v**3/2 - v**2. Let c be l(6). List the prime factors of (-9)/c + 58/10.
2, 3
Let q = -90 + 4. Let b = -41 - q. List the prime factors of b.
3, 5
Let t = 12 + -7. Let c = t + 3. List the prime factors of (-124)/(-16) + 2/c.
2
Let j = 3 + 10. What are the prime factors of j?
13
Let u = -4 - -1. What are the prime factors of 112/3 + 1/u?
37
Let j be 0/(3 - 2/2). Suppose j*x = -4*x + 88. List the prime factors of x.
2, 11
Let k(o) = o**2 + 9*o + 7. Let u be k(-11). Let p = -14 + u. List the prime factors of p.
3, 5
Suppose -2*b + 3 = -1. Suppose 0 = b*l + l - 75. List the prime factors of l.
5
Let i(x) = 7*x + 9. Let r be i(5). Suppose r + 22 = 2*b. What are the prime factors of b?
3, 11
Let g = 69 + -40. Suppose -3*v + g = -115. List the prime factors of v.
2, 3
What are the prime factors of (1 + 135)/(2 + 0)?
2, 17
Let x(c) = c**2 + 6*c - 12. What are the prime factors of x(-10)?
2, 7
Let c = 10 - 9. Suppose -5*w - 7 - 3 = 0, -5*o + 126 = -3*w. List the prime factors of (4/3 - c)*o.
2
Let s = 5 - 10. Let p(y) = 2*y + 16. Let a(f) = 2*f + 15. Let j(n) = s*a(n) + 4*p(n). What are the prime factors of j(-10)?
3
Let o(v) = -v**3 - 13*v**2 - v - 10. Let m be o(-13). Suppose -4*h + m*h + 17 = 0. What are the prime factors of h?
17
Suppose -3*z = 2*o - 27, -78 = -o - 2*o + 3*z. What are the prime factors of o?
3, 7
Let v = -8 - 71. Let f = 114 + v. List the prime factors of f.
5, 7
Let b(i) = 0 - 7*i**2 - 1 + 4*i - 2*i + i**3. What are the prime factors of b(7)?
13
Suppose -2*u = 4*a - 90, 3*a = 4*u + 54 - 14. What are the prime factors of a?
2, 5
Let v(h) = 3*h**2 - h - 3. What are the prime factors of v(6)?
3, 11
Suppose 10*f - 7*f + 60 = 0. Let i = f - -38. What are the prime factors of i?
2, 3
Suppose 0 = -2*u + 49 + 35. What are the prime factors of u?
2, 3, 7
Let f be (-2)/(-7) + (-1700)/(-28). Let v = f + -43. What are the prime factors of v?
2, 3
Suppose 4*i + 308 = 4*t, 4*t = -2*i + 346 - 32. List the prime factors of t.
2, 3, 13
Let d(g) = g**2 + 7*g + 12. Let m be d(-7). Suppose m = 3*k - 87. List the prime factors of k.
3, 11
Let f(j) be the second derivative of 0 - 3*j - 3/4*j**5 + 0*j**3 - 1/2*j**2 + 1/6*j**4. What are the prime factors of f(-1)?
2
List the prime factors of 11/((-66)/(-24)) + 68.
2, 3
Let w(p) = 6*p - 1. Let l be w(-1). Let v = 1 - l. List the prime factors of v.
2
Let x(w) = -w**3 - 8*w**2 - 11*w - 9. What are the prime factors of x(-7)?
19
Let o be (-1)/3*(-60)/4. Suppose -5*v + 8*v = o*l - 115, l + 5 = -5*v. What are the prime factors of l?
2, 5
What are the prime factors of -4*-1*(-50)/(-4) + 0?
2, 5
Let c(g) = 2*g**3 + g**2 + 6*g - 4. List the prime factors of c(4).
2, 41
Let v(l) = -l**2 - 1. Let z be v(-1). Let o be 12*(0 + (-1)/z). Let y = o + 0. What are the prime factors of y?
2, 3
Let p(w) = 2*w**2 - 4*w - 1. Let y be p(3). Let d(t) be the first derivative of t**2/2 - 3*t + 1. What are the prime factors of d(y)?
2
Let c = -24 - -30. List the prime factors of (0 - -9) + -2 + c.
13
Suppose -4*d + 0 = 4. Let y be 3 - 1 - (1 - d). Suppose y = -3*z + 3, z + 31 = 3*p + p. List the prime factors of p.
2
Suppose -5*i - 8 = -33. Let n = i - 3. What are the prime factors of n?
2
Suppose -2*g + f + 40 = 0, -3*f + 3 = -2*g + 47. Let j = -5 + g. What are the prime factors of j?
2, 7
Let u(r) be the first derivative of r**3/3 + r**2 - 2. What are the prime factors of u(-3)?
3
Let c = -3 + 6. Suppose -5 = 5*h, c*m - 4*h = h + 38. What are the prime factors of m?
11
Suppose w + 3*w - 28 = 0. Suppose i - 3 = w. List the prime factors of i.
2, 5
Let o(b) = -b**3 + 8*b**2 - 4*b - 2. Let y(s) = -s - 2. Let k be y(-9). What are the prime factors of o(k)?
19
Let p(m) = m + 2. Let l be p(-10). Suppose 3*r - 42 = 18. Let h = l + r. What are the prime factors of h?
2, 3
Let d(o) = 18*o - 12. List the prime factors of d(10).
2, 3, 7
Let a(o) = 2*o - 3*o - 3 + 2. List the prime factors of a(-3).
2
Let y(m) = 2*m**2 - 2*m - 7. What are the prime factors of y(5)?
3, 11
What are the prime factors of (-143)/(-5) + 4/10?
29
Let x(m) = 9*m**2 - 12*m - 6. Let c(p) be the first derivative of -8*p**3/3 + 11*p**2/2 + 5*p + 4. Let v(r) = -7*c(r) - 6*x(r). List the prime factors of v(4).
13
Suppose -5*l + 2*l + 342 = 0. List the prime factors of l.
2, 3, 19
Let b be 3/(0 - 6/(-4)). Let d(x) = 8*x + 8*x - 10*x. List the prime factors of d(b).
2, 3
Let a(h) = -h**3 - 4*h**2 + 5*h + 2. Let r be a(-5). Suppose -w + r*l + 6 = 0, 16 = 5*w - 4*l - 38. What are the prime factors of w?
2, 7
Let j(l) = l**3 - 11*l**2 + 3*l - 18. What are the prime factors of j(11)?
3, 5
Let p(h) = -h**3 + 6*h**2 - 2*h + 1. Let r be p(5). Let z(q) = q**2 + q - 2. Let v be z(-2). Suppose v = s + 1 - r. List the prime factors of s.
3, 5
Let y = 126 - 124. What are the prime factors of y?
2
Let s be 4*12 - 16/(-8). Let w = 76 - s. List the prime factors of w.
2, 13
Let n = -11 - -41. Let w = 0 + 2. Suppose -i - w*i = -n. List the prime factors of i.
2, 5
Let r(h) = -16*h**3 - h. Let y be r(-1). Let g = -10 + y. What are the prime factors of g?
7
Suppose 0 = -4*i - 11 - 5, 5*a = 5*i + 20. Suppose -u = -4*t + 6, a*t - 22 = -3*u + 2*t. List the prime factors of u.
2, 5
Let g(n) = n + 7. Let a be g(-8). Let l be (0 - 0)/(3 + a). What are the prime factors of -3*(2 - l)/(-2)?
3
Let k be (-14)/(-6) + (-3)/9. Suppose k*t + 2*o + 0*o = 8, -t - 2*o + 1 = 0. What are the prime factors of t?
7
Let g be 14/(-49) + 1180/14. Suppose 5*h = 4*c + 108, 4*h - 2*c = 2*c + g. What are the prime factors of h?
2, 3
Let s = 1 + 2. Suppose -2*h + 3*o = -6 - 7, -o + s = 0. What are the prime factors of h?
11
Let n(c) = 14*c**2 + 3*c - 2. Let v be n(2). Let t be -6*(-3)/(3/1). Suppose t*a - v = a. What are the prime factors of a?
2, 3
What are the prime factors of (-2 - -3) + 0 + 150?